greatest common divisor of 60 and 19299684?
12
What is the highest common divisor of 306301508 and 38?
38
What is the greatest common factor of 4353 and 11751?
3
Calculate the greatest common divisor of 12626832 and 12.
12
Calculate the highest common factor of 288 and 7778448.
144
What is the highest common factor of 1530 and 3339360?
90
Calculate the greatest common factor of 483846 and 275.
11
Calculate the highest common factor of 32600845 and 2585.
235
Calculate the greatest common divisor of 6240899 and 21.
7
Calculate the highest common divisor of 52143 and 152061.
273
Calculate the highest common factor of 53379840 and 7680.
3840
What is the greatest common divisor of 475335 and 540?
135
What is the highest common factor of 51763 and 69449?
37
Calculate the greatest common divisor of 3838 and 3817194.
202
What is the highest common factor of 26088550 and 12520?
3130
What is the highest common divisor of 13221320 and 50232?
1288
What is the greatest common divisor of 143127067 and 18556?
4639
What is the greatest common factor of 4812 and 23196?
12
What is the highest common divisor of 6 and 1488411?
3
What is the highest common divisor of 952017 and 89454?
51
Calculate the greatest common factor of 147777 and 84.
21
Calculate the highest common factor of 12214908 and 1539.
27
Calculate the greatest common divisor of 7827460 and 10.
10
What is the highest common divisor of 4538024 and 35986?
1894
What is the highest common factor of 13615 and 170785?
5
What is the highest common factor of 304612 and 2850344?
644
Calculate the greatest common factor of 6670482 and 4641.
273
Calculate the greatest common divisor of 25776716 and 716.
716
What is the highest common divisor of 3040 and 3818420?
20
Calculate the greatest common factor of 62398662 and 174.
174
Calculate the greatest common divisor of 412263425 and 25.
25
What is the greatest common divisor of 240 and 116890?
10
Calculate the highest common factor of 187621725 and 225.
75
What is the greatest common divisor of 31409 and 6114499?
641
What is the greatest common divisor of 1158 and 3076613?
193
Calculate the greatest common factor of 295424905 and 228120.
9505
What is the highest common factor of 32701626 and 1068?
534
What is the highest common divisor of 3039 and 10343743?
1013
Calculate the greatest common divisor of 16833780 and 369.
369
What is the greatest common factor of 377177 and 2077?
31
Calculate the greatest common divisor of 4767763 and 25168.
1573
Calculate the greatest common factor of 4110 and 68270.
10
Calculate the greatest common factor of 15194941 and 212.
53
Calculate the highest common factor of 2464835236 and 34.
34
What is the greatest common divisor of 133932860 and 20?
20
What is the highest common divisor of 3876 and 37632?
12
What is the highest common factor of 42 and 2086651?
7
Calculate the greatest common factor of 52094 and 9550282.
854
What is the highest common divisor of 1105 and 1225445?
1105
What is the highest common factor of 37374208 and 402?
134
What is the greatest common factor of 36384 and 178032?
48
Calculate the highest common factor of 3900959 and 848.
53
Calculate the greatest common divisor of 9051614 and 3806.
22
Calculate the highest common factor of 152 and 923058.
38
What is the highest common divisor of 30428352 and 92448?
864
Calculate the greatest common factor of 8 and 20008332.
4
Calculate the greatest common factor of 8380 and 213271.
419
What is the highest common divisor of 2258245 and 660?
55
What is the greatest common factor of 21261 and 144666?
57
Calculate the highest common divisor of 179 and 2579032.
179
What is the highest common divisor of 2133 and 594712?
79
Calculate the highest common divisor of 3156512 and 20.
4
Calculate the highest common factor of 6696 and 22915944.
2232
What is the highest common divisor of 1375227 and 25263?
63
What is the greatest common factor of 859560 and 295620?
780
What is the greatest common divisor of 31358184 and 14586?
858
What is the greatest common factor of 137 and 31179282?
137
Calculate the highest common factor of 11028835 and 3182314.
6829
What is the highest common factor of 69720 and 48270?
30
Calculate the highest common divisor of 7 and 1003660.
7
What is the highest common factor of 79 and 44524716?
79
Calculate the greatest common factor of 64079 and 254933.
461
What is the highest common divisor of 1388815 and 85?
85
What is the greatest common factor of 75488 and 31472?
112
What is the highest common factor of 63 and 12392037?
63
Calculate the greatest common divisor of 12 and 42334212.
12
Calculate the highest common factor of 1086838 and 91214.
1546
Calculate the greatest common factor of 2296 and 255528.
56
Calculate the greatest common divisor of 1034505 and 711.
711
What is the highest common divisor of 49882 and 46697?
49
What is the greatest common factor of 191724117 and 741?
741
What is the highest common factor of 53142 and 81497946?
3126
What is the greatest common factor of 7161352 and 2431?
187
What is the greatest common factor of 13453969 and 93?
31
Calculate the greatest common divisor of 1150 and 229025950.
1150
Calculate the greatest common divisor of 98429860 and 80.
20
Calculate the greatest common factor of 101226 and 1092.
6
Calculate the highest common factor of 14665219 and 186316.
3583
Calculate the highest common factor of 1056 and 102004584.
264
What is the greatest common factor of 1103792 and 2778?
926
Calculate the greatest common factor of 516770 and 930.
310
What is the greatest common divisor of 144 and 135693?
9
What is the highest common factor of 1072 and 7282029?
67
What is the highest common factor of 19208271 and 1251?
417
What is the highest common factor of 6457499 and 629?
37
What is the highest common divisor of 4932 and 752291112?
1644
What is the highest common factor of 107715242 and 498?
166
Calculate the greatest common factor of 63371624 and 92.
92
Calculate the highest common factor of 36366984 and 216.
72
What is the greatest common divisor of 6554426 and 5306?
758
Calculate the greatest common factor of 2363182560 and 72.
72
What is the greatest common factor of 625 and 36640000?
625
Calculate the greatest common divisor of 1159819 and 8601.
47
What is the greatest common factor of 11117352 and 1992?
1992
Calculate the highest common factor of 2944 and 16928384.
128
Calculate the greatest common divisor of 10081 and 3277511.
593
What is the greatest common divisor of 13188 and 7798?
14
What is the highest common divisor of 5391211 and 1204?
301
What is the greatest common factor of 31275 and 51825?
75
What is the highest common factor of 1582139 and 559?
13
Calculate the highest common factor of 138 and 1220587.
23
What is the greatest common factor of 150 and 130915775?
25
Calculate the greatest common factor of 1936 and 87428.
44
What is the greatest common divisor of 2748 and 26203554?
1374
What is the greatest common divisor of 1170540 and 1440?
180
What is the highest common factor of 65828776 and 208?
104
What is the highest common factor of 15 and 200299095?
15
Calculate the highest common factor of 52950 and 23675.
25
Calculate the highest common factor of 22968619 and 2.
1
Calculate the highest common divisor of 146802 and 25669866.
3414
What is the greatest common factor of 2784062 and 1101?
367
Calculate the greatest common factor of 356 and 5423126.
178
What is the greatest common divisor of 285163 and 455365?
1493
What is the greatest common factor of 4992 and 193640928?
1248
What is the greatest common divisor of 37615764 and 2754?
102
Calculate the greatest common divisor of 120652 and 7378.
434
Calculate the greatest common factor of 2468 and 959810136.
2468
What is the highest common factor of 14 and 2353908816?
14
Calculate the highest common divisor of 11457743 and 359964.
1111
What is the highest common factor of 18 and 1743528438?
18
Calculate the greatest common factor of 1349076 and 570.
114
What is the highest common factor of 92 and 361412?
4
What is the greatest common divisor of 724 and 137391308?
724
What is the greatest common factor of 230110240 and 3090?
1030
What is the greatest common factor of 247430 and 106820?
1090
What is the highest common factor of 5631538 and 2537